e
Suppose -7*x + 37 = 30. Is ((-2 + x)*-7)/(2/1262) a prime number?
False
Suppose 3*m - 5074908 = -3*b, 0 = -5*m - b + 812044 + 7646124. Is m a composite number?
False
Is 17032728/232 - -2*10/290 a composite number?
False
Let v = -6387 + 9410. Let p = v + -1366. Is p a composite number?
False
Suppose -g = 2*v - 59187, -27332 = 5*g - 5*v - 323222. Is g prime?
False
Let j(n) = n**3 + 8*n**2 - 19*n + 12. Let h be j(-10). Suppose -h - 2 = -2*l, -a = -4*l - 55. Suppose -64 - a = -d. Is d composite?
False
Let v = 189 - 185. Suppose -v*z = -3*r - 1262, -3*z + 953 = -0*z + r. Is z a composite number?
False
Suppose -3*z - 2*h = -11, 0 = 18*z - 17*z + 3*h - 6. Suppose 4*n - 7*b = -z*b + 13184, -4*n + 13211 = 5*b. Is n a composite number?
False
Suppose 306 = -i + 1309. Let f = i - -4. Is f a prime number?
False
Let j(a) = -2*a**2 - 17*a - 5. Let h be j(-8). Suppose -4*m - 4*s + 1342 = -1666, 2*m + h*s = 1507. Is m a prime number?
False
Suppose 0 = -2*l + 58 - 40. Let d(q) = 9*q**2 - 3*q - 29. Is d(l) composite?
False
Let b = 433515 - 231100. Is b composite?
True
Is (-8)/(-16)*(206134 + -5 + 5) a composite number?
False
Let j(f) = 4*f + 36. Let m be j(-11). Let w(q) = -q**3 - 9*q**2 - 7*q + 11. Let z be w(m). Suppose -z*r = -292 - 827. Is r prime?
True
Suppose 16*h - 27*h = -472439. Is h a composite number?
True
Let u(g) = 4*g - 36. Let p be ((-5)/15)/(4/(-84)). Let t be u(p). Is (-5914)/t - ((-21)/28 + 1) prime?
True
Suppose 3*w = -a + 33554, -15*a - w - 134281 = -19*a. Is a a prime number?
True
Suppose 5*f - 6355 - 3003 = -2*y, 2*f + 4*y - 3740 = 0. Suppose -2*g = -z - f, -5*g + 6*g = 4*z + 929. Is g prime?
True
Let b = 151 + -148. Suppose -4*o + 3065 = b*v, 2*v + v + 3 = 0. Is o a composite number?
True
Suppose -u + 12 = 5*n - 10, -38 = -5*u - n. Suppose 6593 = 2*g + u*i - 12*i, -2*g + 2*i + 6596 = 0. Is g prime?
True
Suppose 5*r + 5*p - 763825 = 0, 75*p - 305530 = -2*r + 70*p. Is r composite?
True
Let n = 7041 + -4136. Suppose 437 = 3*m - n. Is m a composite number?
True
Is 9 + 436169 + 7/(-2)*2 a composite number?
False
Let d(c) = 40398*c - 1655. Is d(6) a prime number?
True
Let y be (-78)/(-52) - (0 + 17/2). Let i(b) = 34*b**2 - 2*b + 53. Is i(y) a prime number?
True
Let o(j) be the third derivative of -33*j**2 + 7/3*j**3 + 25*j**4 + 0 + 0*j. Is o(1) a prime number?
False
Let a = 52 - 52. Suppose a*m = 3*m - 6, 2*l + m = 74. Is (-8)/l - (-7820)/36 a prime number?
False
Suppose 12*t + 2*t - 6213584 = -2*t. Is t composite?
True
Let f = 47520 + 83833. Is f prime?
False
Let o(k) = -k**3 + 17*k**2 - 9*k - 35. Let v be o(12). Suppose -6*r + 2*r + 768 = 4*f, 0 = -3*f - 4*r + v. Is f prime?
True
Suppose 8747 + 2281 = 6*v. Let n be -2 + (v - (-10 - -5)). Let q = n - 150. Is q a composite number?
True
Let i(a) = a**3 - 12*a**2 - 6*a + 76. Let f be i(12). Is 80/(f - (-575)/(-145)) - -1 prime?
False
Let z be ((-32)/88)/((-2)/11). Suppose -z*l + 3*l = 2019. Is l a prime number?
False
Suppose f + 13 = 15. Let o be (-17)/f + 5/(-10). Is (-236)/(-8)*(-4 + 1 - o) a prime number?
False
Let m = -126 + 125. Let r be (-4)/(16/12)*m. Suppose 3*g + 4*y = r*y + 3773, 0 = 5*g + 4*y - 6279. Is g a composite number?
False
Let t = -196153 + 362714. Is t a prime number?
True
Suppose -4*z + 4*c = -1065452 - 912508, z = 5*c + 494462. Is z a prime number?
True
Let d = 3441 - -924. Let v = 2434 + d. Is v a prime number?
False
Let p(f) be the first derivative of 109*f**5/120 + 41*f**4/24 - 20*f**3/3 + 27. Let k(j) be the third derivative of p(j). Is k(12) a prime number?
False
Let b = 495368 - 343911. Is b prime?
False
Let o(c) = 126*c - 259. Let s be o(-8). Let a = 7234 - s. Is a composite?
False
Let z be -2 + 1 + 5/5. Suppose z = 4*l - 24 + 4. Suppose -2*h = 5*q - 262, l*h - 3*q + q = 655. Is h a composite number?
False
Let a(l) = 2*l**3 - 89*l**2 - 84*l - 43. Is a(46) composite?
False
Let l(k) = -6*k**3 - 3*k**2 + 2*k + 4. Suppose 3*j - 3 = -4*n, -5*j = 4*n + 1 + 2. Is l(j) a prime number?
False
Let g(z) be the first derivative of 2*z**3/3 + 13*z**2/2 + 2*z - 3. Let j be (-2 - (14 - 9))*(-1)/(-1). Is g(j) a composite number?
True
Suppose s + 5*h + 9 - 17 = 0, 4*s + 4*h = 16. Suppose 2*p - s*g = -2*p + 2833, 3*g = 3. Is p a composite number?
False
Let i(n) = -n**3 + 10*n**2 - 3*n + 34. Let u be i(10). Suppose -k - u*k = x - 28116, 2*x = 2. Is k prime?
True
Suppose -207*b - 13020 = -212*b. Let v = b + 4615. Is v prime?
True
Suppose -942088 + 208223 = -5*f - 4*j, 5*f + 3*j - 733870 = 0. Is f composite?
False
Is (-337)/((-46860)/(-109389) - 51/119) prime?
False
Let y = 167 + -171. Let v(t) = 451*t**2 + 5*t - 17. Is v(y) a prime number?
False
Suppose x = -5*n + 720303, -x - 590973 = -4*n - 14727. Is n prime?
True
Suppose 9107153 = 7*c + 8*c - 229792. Is c prime?
False
Suppose 28*o + 30*o - 7232256 - 10399222 = 0. Is o a prime number?
False
Let z(k) = 53*k**2 - 149*k - 311. Is z(-54) composite?
True
Suppose -4*p - 4 = 0, 4*d - 321 = -p + 178. Suppose -o - 4*l - 33 = 13, 3*o - l + d = 0. Is ((-278)/6)/(2/o) composite?
True
Let l(m) be the third derivative of 4*m**5/5 - 23*m**4/24 - 113*m**3/6 + 12*m**2. Is l(-6) prime?
True
Suppose -4*f + 3*a = -175, 0 = -2*f + 2*a + 2*a + 80. Let z = 54 - f. Suppose 0 = -z*d + 6*d + 7958. Is d a composite number?
True
Let h(d) = 3661*d**2 - 213*d + 11. Is h(10) a composite number?
True
Is 609290 - (-187)/17 - -6 a prime number?
True
Suppose 3*w - 360516 = -3*g, 0 = -4*g - 0*g - 8*w + 480684. Is g a prime number?
False
Let t be (-2)/(-5) + 13935/(-25). Let i be -1*(668/(-12))/((-2)/12). Let g = i - t. Is g a composite number?
False
Suppose 19*y + 68112 = y. Let t = 5441 + y. Is t a composite number?
False
Let d be (-1 + 9)*(-24)/(-16). Suppose -4*f - d = -f. Is f/((-20)/555)*1 a composite number?
True
Let p(o) = 8*o**2 - 36*o + 22. Is p(42) prime?
False
Is (8292/(-16) - -5)/(3/(-1644)) a composite number?
True
Let p = 171 - 454. Let q = p - -4410. Is q a prime number?
True
Let c = -18 + 31. Let u = c + -6. Suppose u*d - 3352 = -d. Is d a composite number?
False
Let j = -449 - 474. Let l = j - -8784. Is l prime?
False
Suppose 5 - 1 = p. Let q = 22806 - 9233. Suppose -4*u + q = -2*r + 4251, p*u = r + 9327. Is u prime?
True
Suppose -4*i + 2*u = -2*u - 8, 3*u - 6 = -3*i. Let k = -31 + 413. Suppose -4*z + i*z + k = 0. Is z prime?
True
Let a(l) = l**3 - l**2 - 4. Let n be a(2). Suppose -3*z - 4*p + 1614 = -p, n = -4*z - p + 2143. Suppose 2*c - 4*c = 3*v - z, 0 = 5*c - 5*v - 1300. Is c prime?
True
Suppose -8 = -4*d - s, 3*d - 3*s - 8 = 13. Suppose 2*g + 5*w - d*w - 942 = 0, -4*w = -4*g + 1852. Is g composite?
False
Let t(j) = -4*j**2 + 9*j - 8. Let g be t(1). Is -2 + 9/(-3) + g + 1551 composite?
False
Suppose -52*g + 134869 = -49*g + 4*z, 5*z = 20. Is g prime?
False
Suppose -26441 = -a + 3*t, 4*a - 18710 - 87102 = 4*t. Is a a prime number?
True
Let z(m) = m**3 - 20*m**2 + 2*m - 37. Let y be z(20). Suppose t = -3*d - 0*t + 56, 3*t + 48 = y*d. Is 1*(3 - d*-3) a prime number?
False
Suppose 0 = -2*a + 2 + 96. Let n(b) = -265*b - 102 + 44 + a. Is n(-2) prime?
True
Let v(n) = 15*n**2 + 908*n + 66. Is v(85) composite?
False
Let d be (-14)/2 + 1 - -8. Suppose 2*l - 16407 = -n, 11 - 1 = d*n. Is l a prime number?
False
Let s(d) = d - 1. Let w be ((-10)/(-6))/(3 - (-65)/(-30)). Let c(j) = 24*j + 33. Let k(u) = w*s(u) - c(u). Is k(-9) a prime number?
True
Suppose -4*l + 5 = r, -33*r = -30*r + l - 15. Suppose -5*j = -r*t + 235110, -69*t = -66*t + 2*j - 141041. Is t prime?
True
Let c = -58 + 91. Let g = c - 31. Suppose -5*p = 4*q - 517, 4*p - 2*p - 256 = -g*q. Is q a composite number?
True
Suppose 65625410 = 295*x - 248777800 + 40212805. Is x a prime number?
True
Let x = -58377 - -91448. Is x prime?
True
Suppose 0 = -t - 4*y + 30, -2*t - 22*y = -21*y - 32. Suppose -t*w - 29812 = -125082. Is w composite?
True
Let j be ((-168)/70)/(4*(-9)/1710). Let a be ((-239)/(-5) - 1)*25. Suppose u - 5*k = 463 + j, 2*u - 2*k = a. Is u prime?
True
Let y = 25136 + 20405. Is y a prime number?
True
Let w = 37530 + 602669. Is w a composite number?
True
Let d(j) = 90*j**2 + 5*j - 65. Let n(p) = -45*p**2 - 3*p + 31. Let c(b) = -3*d(b) - 7*n(b). Is c(11) a prime number?
False
Suppose -6*r - 8 = -2*r, -3*r = -2*n - 6. Is -1 + (-11420)/n + (-52)/39 a prime number?
True
Let m(h) = 81*h**2 + 25*